{"id":2263,"date":"2017-04-27T18:51:25","date_gmt":"2017-04-27T16:51:25","guid":{"rendered":"http:\/\/su-kyoung-yu.de\/?page_id=2263"},"modified":"2017-04-27T18:51:25","modified_gmt":"2017-04-27T16:51:25","slug":"die-wand","status":"publish","type":"page","link":"http:\/\/su-kyoung-yu.de\/?page_id=2263","title":{"rendered":"Die Wand"},"content":{"rendered":"<p style=\"text-align: center; margin-bottom: 37px; margin-top: -16px;\"><em>verfasst von Klaus Ritt, Vorsitzender Kunstverein Bad Nauheim e.V.<\/em><\/p>\n<p>Su-Kyong Yus k\u00fcnstlerisches Hauptthema ihrer gegenstandslosen Malerei ist seit vielen Jahren und in unterschiedlichen Variationen die -wand-. Ihre Arbeit wird bestimmt durch das permanente Streben nach Entdeckung und Erkennen ihrer eigenen und menschlichen Existenz schlechthin. Um zur Erkenntnis zu gelangen, mu\u00df sie blo\u00dfes Entdecken und Erkennen \u00fcberwinden und transzendente Bez\u00fcge schaffen. Durch fortw\u00e4hrendes Wegr\u00e4umen innerer W\u00e4nde versucht sie sich &#8211; und Betrachter, der willig ist &#8211; nach und nach den Sinn des Seins zu entdecken. [\u2026]<\/p>\n<p>Das aus der Meditation entstehende Formvokabular wird von ihr elementar &#8211; im Sinne von Erde, Wasser, Feuer, Luft, Licht &#8211; gedeutet und teils abstrakt, teils organisch in die endg\u00fcltige \u00e4sthetische Form gefa\u00dft. &#8222;Fassung&#8220; im Sinne der Beherrschung schafft die Parallele ihres allgemeinen Lebensprozesses zu ihrem k\u00fcnstlerischen Schaffensprozess.<\/p>\n<p>Dabei gilt inhaltlich und formal die aus eigener tiefgreifender Erfahrung resultierende optimistische und tr\u00f6stende Erkenntnis: Wo Schatten ist, ist auch Licht.<\/p>\n","protected":false},"excerpt":{"rendered":"<p>verfasst von Klaus Ritt, Vorsitzender Kunstverein Bad Nauheim e.V. Su-Kyong Yus k\u00fcnstlerisches Hauptthema ihrer gegenstandslosen Malerei ist seit vielen Jahren und in unterschiedlichen Variationen die -wand-. Ihre Arbeit wird bestimmt durch das permanente Streben nach Entdeckung und Erkennen ihrer eigenen und menschlichen Existenz schlechthin. Um zur Erkenntnis zu gelangen, mu\u00df &#8230;<\/p>\n","protected":false},"author":1,"featured_media":0,"parent":2049,"menu_order":2,"comment_status":"closed","ping_status":"closed","template":"","meta":[],"aioseo_notices":[],"_links":{"self":[{"href":"http:\/\/su-kyoung-yu.de\/index.php?rest_route=\/wp\/v2\/pages\/2263"}],"collection":[{"href":"http:\/\/su-kyoung-yu.de\/index.php?rest_route=\/wp\/v2\/pages"}],"about":[{"href":"http:\/\/su-kyoung-yu.de\/index.php?rest_route=\/wp\/v2\/types\/page"}],"author":[{"embeddable":true,"href":"http:\/\/su-kyoung-yu.de\/index.php?rest_route=\/wp\/v2\/users\/1"}],"replies":[{"embeddable":true,"href":"http:\/\/su-kyoung-yu.de\/index.php?rest_route=%2Fwp%2Fv2%2Fcomments&post=2263"}],"version-history":[{"count":1,"href":"http:\/\/su-kyoung-yu.de\/index.php?rest_route=\/wp\/v2\/pages\/2263\/revisions"}],"predecessor-version":[{"id":2264,"href":"http:\/\/su-kyoung-yu.de\/index.php?rest_route=\/wp\/v2\/pages\/2263\/revisions\/2264"}],"up":[{"embeddable":true,"href":"http:\/\/su-kyoung-yu.de\/index.php?rest_route=\/wp\/v2\/pages\/2049"}],"wp:attachment":[{"href":"http:\/\/su-kyoung-yu.de\/index.php?rest_route=%2Fwp%2Fv2%2Fmedia&parent=2263"}],"curies":[{"name":"wp","href":"https:\/\/api.w.org\/{rel}","templated":true}]}}